/(-10)). Let r(l) = l**2 - 8*l - 5. Let i be r(6). Let w = j - i. What is the remainder when w is divided by 5?
4
Suppose -32 = s - 2*s. Suppose 3*t - 2*t - 2*r = 17, -2*t = -5*r - 34. What is the remainder when s is divided by t?
15
Suppose 3*j - 2 = -8, -u + 19 = 2*j. What is the remainder when u is divided by (-5)/(-1) - (-3)/3?
5
Let t be (-6)/(1*9/(-6)). Suppose -c - 4*i - t = 0, 5*c - 4*i = -2*i + 46. What is the remainder when -2 + 3 + 20 - -1 is divided by c?
6
Let q be (-651)/(-12) + (-2)/8. Suppose -5*m = -3*m - q. Calculate the remainder when m is divided by 7.
6
Let n = 20 - 3. Suppose -k + 2*q = -28, -2*q + 102 = 3*k + q. What is the remainder when k is divided by n?
15
Let y = -11 + 28. Calculate the remainder when y is divided by 5.
2
Let r(p) = -3*p + 12 - 2*p + 6*p. Calculate the remainder when 47 is divided by r(0).
11
Suppose -2 = -o - 4*l, -4*l - 2 = 3*o - 8. Suppose 0 = -o*a + 1 + 1. Calculate the remainder when a is divided by 1.
0
What is the remainder when 163 is divided by -82*(-4)/(-8)*-1?
40
Suppose 2*j = -5*s + 24, -6 = -0*s + s - 5*j. Let l = s + 1. Suppose 3*d - 10 = -2*m, -3*d = -7*m + 3*m + 2. What is the remainder when l is divided by m?
1
Suppose 0 = -2*h - 0*h + 4. Suppose -5*x + h*n = n - 71, -2*n - 52 = -4*x. What is the remainder when x is divided by 4?
3
Suppose 5*d + 78 = 2*d. Let x(j) = -j**3 - 3*j**2 + j - 1. Calculate the remainder when ((-62)/5)/(d/65) is divided by x(-4).
9
Suppose -3*d = 3*a - 7 - 5, -2*d + 3 = 3*a. Let q = -189 - -193. Calculate the remainder when d is divided by q.
1
Suppose 4*m - 84 = m. Calculate the remainder when (-4)/4 - (2 - 19) is divided by 2/(-6) + m/3.
7
Suppose -p + 4*p - 18 = 0. What is the remainder when p is divided by -1 + 7 + -3 + 0?
0
Let w be (-12)/9 + 2/(-3). Let z(a) = -2*a**3 + a**2 + 1. Let u = 25 - 14. Calculate the remainder when z(w) is divided by u.
10
Suppose -3*h = 17 - 80. Suppose 3*o - h = -2*q - q, 3*q - 3*o - 27 = 0. What is the remainder when 14 is divided by q?
6
Let y = -36 - -44. Calculate the remainder when 54 is divided by y.
6
Suppose -5*q = -4 - 1, 0 = 3*u + 4*q + 50. Let a = -13 - u. Suppose s + 2*i - 12 = 0, a = -s + i + 2. What is the remainder when 5 is divided by s?
1
Calculate the remainder when ((-22)/44)/(-1 - (-105)/106) is divided by 19.
15
Let a(m) = -m**3 + 2*m + 21. Calculate the remainder when 82 is divided by a(0).
19
Calculate the remainder when ((-6)/(-4))/((-90)/(-1920)) is divided by 18.
14
Let z(a) = -4*a**2. Let m be z(-1). Let n(i) = -2*i**3 - 4*i**2 + 6*i + 2. Calculate the remainder when n(m) is divided by 11.
9
Suppose l + 3*l = 5*o - 227, -5*l - 144 = -3*o. What is the remainder when o is divided by 9?
7
Let k be (4 - 3)*2 - -32. Let f = -11 + k. What is the remainder when f is divided by 12?
11
Suppose -146 + 299 = 3*l. Calculate the remainder when l is divided by 27.
24
Suppose -p + 5*n - 5 = 0, 5*n - n = p + 2. Suppose -4*c = o - 20, -2*o = -0*o - 4*c - 64. What is the remainder when o is divided by p?
8
Suppose 0 = -z + 3*k - 12 + 27, 2*z = 2*k + 22. Calculate the remainder when 21 is divided by z.
3
Suppose 5*s - 4*n = 123, -2*n - 36 = -s - 5*n. What is the remainder when 132 is divided by s?
24
Calculate the remainder when -3 - -1 - 36/4*-7 is divided by 9.
7
Let x be 3/(-7) + (-3)/(-7). Suppose -4*i - i + 5 = -5*f, -f + 11 = 2*i. Let n = i + x. Calculate the remainder when 6 is divided by n.
2
Calculate the remainder when 5/(-2)*(-708)/30 is divided by 12.
11
Suppose 5*p - 32 = 23. Calculate the remainder when 18 is divided by p.
7
Suppose 0*h = h - 2. Suppose -i - 69 = -2*s, h*s - 33 = -i + 26. What is the remainder when s is divided by (2/4)/(2/44)?
10
Let n(f) = -37*f**3 - 2*f**2 + 1. Let o be n(-1). Let v(d) = d**2 + 6*d - 5. What is the remainder when (-1)/((-2)/o) + 2 is divided by v(-8)?
9
Suppose -4*r + 2*r = -288. Calculate the remainder when r is divided by 29.
28
Let p = -4 - -19. Calculate the remainder when p is divided by 6.
3
Suppose 0 = o - a - 17, -a = 4*o - 2*a - 56. What is the remainder when o is divided by 4?
1
Suppose 5*q = -p - 0*p - 13, -4*p + 3*q = -63. Calculate the remainder when p is divided by 7.
5
Let a(y) be the first derivative of -y**2/2 + y - 1. Let f(l) = 4*l - 13. Let s(t) = -5*a(t) - f(t). Calculate the remainder when 5 is divided by s(-6).
1
Suppose 0 = 2*t + t + 42. Let y = 25 + t. What is the remainder when 20 is divided by y?
9
Let i = 8 + -3. Suppose 5 = i*a, 4*a - 75 = -5*w - 21. Calculate the remainder when 17 is divided by w.
7
Suppose -g + 19 = 2*w - 22, 5*g + w - 241 = 0. Let p = g + -29. Suppose p = 4*f - 16. Calculate the remainder when 24 is divided by f.
6
Let s(w) = 4*w**2 - w. Suppose 0 = 2*f - 5 - 3. Suppose 3*x + f = 7*x. What is the remainder when 7 is divided by s(x)?
1
Let z(n) = n**3 + 9*n**2 - 12*n - 9. Calculate the remainder when z(-10) is divided by 8.
3
Suppose -5*g - 49 = -5*c - 4, 3*c + g - 11 = 0. Suppose 0 = -7*s + 2*s + c, 0 = 4*f - 3*s - 101. Calculate the remainder when f is divided by 9.
8
Suppose -8 = -4*f + 2*f. Suppose 0 = -f*r + 80 - 28. What is the remainder when 37 is divided by r?
11
Suppose -4*g + 32 = 12. Suppose -59 = -g*u + 2*m, -3*u + 49 = 2*u + 3*m. What is the remainder when 21 is divided by u?
10
Let d = -20 + 44. Let x be (d/10)/(6/80). Let q = x - 17. Calculate the remainder when 29 is divided by q.
14
Let p(w) = 70*w - 5. Calculate the remainder when p(1) is divided by 18.
11
Suppose 4*s + 2*k - 3*k = 61, -5*s = -2*k - 77. Suppose 0 = t - 3 - s. What is the remainder when t is divided by 7?
4
Let a = 12 + 2. What is the remainder when a is divided by 5?
4
Suppose -5*y + 45 = -100. What is the remainder when y is divided by 9?
2
Suppose 2*f = 3*v + 129, -4*v + v + 285 = 4*f. Let y(m) = -19*m**3 - 2*m**2 - m. Calculate the remainder when f is divided by y(-1).
15
Let c be 0/2 - (-35 + 0). Let b be ((-14)/c)/(2/10). What is the remainder when 11*b/(-2) - 1 is divided by 4?
2
Suppose -2*b - 33 = -5*h, b = -4*h + 18 + 11. Suppose -4*z = -2*u - h*z + 21, 0 = -5*z - 15. Let k = -15 + 23. What is the remainder when u is divided by k?
7
Let a(c) = c**3 + 10*c**2 - c. Suppose 3*m + 15 = -5*v, -v + 6 - 23 = 2*m. What is the remainder when 18 is divided by a(m)?
8
Suppose 3*n + n = -2*r - 74, 5*r + 4*n + 191 = 0. Let x = 1 + -7. Calculate the remainder when 45 is divided by x/r - (-308)/26.
9
Let a be (5 - 1)/((-8)/(-4)). Let m = -41 - -74. Let d = m - a. What is the remainder when d is divided by 11?
9
Suppose 0 = -0*d - 2*d + 16. Let c = -4 - -4. Suppose -y + 5*y - 88 = c. Calculate the remainder when y is divided by d.
6
Suppose 4 = 4*v + 4*i, -4*v - 2*i - 4 + 18 = 0. Let c = v + 1. Calculate the remainder when 26 is divided by c.
5
Let h(d) = 2*d**2 + 15*d + 42. Calculate the remainder when 136 is divided by h(-7).
31
What is the remainder when 5 is divided by 2/(-3)*(-18)/4?
2
Let v be 1*-2 + (4 - 2). Suppose 5*h + 5 = -5*d + 15, 2*h - 3*d - 9 = v. Suppose h*t = 16 - 1. What is the remainder when t is divided by 2?
1
Let b be (-2)/(-8) - 33/(-12). Let x(c) be the second derivative of c**5/10 - c**4/3 + c**3/3 + c**2/2 + 5*c. What is the remainder when x(b) is divided by 9?
7
Suppose 2*j + 5*b - 5 - 70 = 0, 5*j - b = 228. Suppose 0 = -l - o + 3*o, 0 = 3*l + 3*o - j. Calculate the remainder when 29 is divided by l.
9
Suppose 2*n - 6 = -4*h + 12, -h = -2*n + 18. Calculate the remainder when 78 is divided by n.
6
Let q(c) = 2*c**3 - 3*c**2 - 1. Calculate the remainder when 102 is divided by q(3).
24
Let q(y) = -3*y - 8. Let b be q(-6). Let m = 1 + b. Calculate the remainder when 19 is divided by m.
8
Let l = 46 + 0. What is the remainder when l is divided by 12?
10
Let a(r) = -2*r**3 + 12*r**2 + 3*r + 8. Calculate the remainder when 37 is divided by a(6).
11
Suppose -v + 3*w = -14, 4*w + 9 = 5*v - 28. Let x(q) = -q**2 + 6*q + 8. What is the remainder when x(6) is divided by v?
3
Calculate the remainder when 25 is divided by 15/(-2)*36/(-30).
7
What is the remainder when 42 + 3/(9/3) is divided by 11?
10
Suppose 4*h - 246 = 5*f - 39, 2*f = -6. Suppose -3*z - z = -h. What is the remainder when z is divided by 7?
5
Suppose 3*i + 100 = 4*i. Suppose 2 = 2*t + 3*u + 1, 0 = t - u - 8. Suppose t*f + 20 = i. Calculate the remainder wh